 d(h) = h + 31. Let k be d(-15). Let i = -6 - -10. What is the highest common factor of k and i?
4
Let c be -2 - (-4 + 0/3). Let b be 9/24*c*-4. Let t(u) = u**2. Let y be t(b). Calculate the greatest common divisor of 27 and y.
9
Suppose -2*p = -13 + 3. Let w(t) = 2*t**2 - 6*t - 6. Let c be w(p). What is the highest common divisor of 42 and c?
14
Suppose 14*n - 126 = -0. What is the greatest common divisor of 3 and n?
3
Let q = 16 - 6. Let n be -1 + 0 - (q - 0). Let x be (0 - n) + 0 + 1. What is the highest common factor of 36 and x?
12
Let h(v) = -3*v + 3. Let x be h(-7). Let y = 43 + -35. What is the highest common factor of x and y?
8
Let t = 173 - 139. What is the highest common factor of 2 and t?
2
Suppose -x = 2*x + 48. Let l = 42 + x. Suppose -3*k = -25 - l. Calculate the greatest common divisor of 51 and k.
17
Let m = 81 + -43. What is the highest common factor of m and 19?
19
Let y be 5*12/10*-3. Let m = y + 29. What is the greatest common divisor of m and 77?
11
Suppose -3*y - y - 3*q = -121, 5*y - 156 = q. What is the highest common factor of y and 279?
31
Let y(p) = p**2 - 2*p. Let k be y(6). Let d = 88 - k. What is the highest common divisor of 8 and d?
8
Suppose -c + 2 + 7 = -2*w, 4*c + 4*w + 12 = 0. Suppose 5*n + 0*n + 20 = 0. Let g be (n/6)/(12/(-126)). What is the greatest common factor of c and g?
1
Let d(g) = 6*g + 3. Let y be d(2). What is the highest common divisor of y and 75?
15
Let c(x) = -x**2 - 13*x + 4. Let m be c(-10). What is the greatest common divisor of 68 and m?
34
Let v(r) = 2*r**3 + 2*r**2 + r - 3. Let o be v(3). Let m be 1*-6*(-1 - -2). Let x = 24 + m. Calculate the greatest common factor of o and x.
18
Let r(o) = 4*o**3 + 3*o - 2. Let b be r(1). Suppose 3*j + 2*v - 590 = 0, b*v + 19 = -6. Calculate the greatest common divisor of j and 25.
25
Let d(w) = 10*w**2 - w. Let y be d(-1). Suppose 37 = 2*x - y. Let h(p) = p - 2. Let u be h(10). Calculate the greatest common factor of x and u.
8
Let x = -9 + 13. Let n be (-1)/(-1 + 18/20). Calculate the highest common divisor of x and n.
2
Let j = 565 - 365. Suppose 2*d + 116 = 5*n + 6*d, -d = -4. What is the greatest common factor of j and n?
20
Let h(i) = 16*i**2 + 1. Let b be h(-1). What is the highest common factor of b and 17?
17
Suppose 5*n - 74 = 91. What is the highest common factor of n and 297?
33
Let b be ((-2)/1 + 27)*(-2)/(-2). What is the greatest common divisor of b and 5?
5
Suppose -2*f - 3*n + 16 = 0, -f + 5*n + 2 = -6. Suppose 6 = 2*l - 42. Calculate the highest common factor of f and l.
8
Let w(o) = -65*o**3 - o**2 + o + 1. Let n be w(-1). Let r(u) = -u**3 + 12*u**2 - 12*u. Let m be r(8). Calculate the highest common factor of n and m.
32
Let b(f) = 14*f**2 - f + 2. Let u be b(2). Let c(v) = -v**2 - 6*v + 8. Let j be c(-6). Calculate the greatest common factor of u and j.
8
Suppose 0 = -4*t + 3*r + 2 + 4, 4*r = -4*t - 8. Suppose -n + 11 = h, -3*h + 5*n + 0*n + 49 = t. What is the highest common divisor of 52 and h?
13
Suppose -u + 4*u = 0, 0 = q - u - 27. What is the highest common factor of 18 and q?
9
Let x(j) = j**2 - 5*j - 34. Let g be x(10). What is the greatest common factor of g and 272?
16
Let s(c) = 2*c**2 - 8*c + 22. Let t be s(5). Calculate the highest common factor of 352 and t.
32
Let a(u) = -2*u**2 + 14*u - 6. Let r be a(9). Let x be (-164)/14 + 12/r. Let b be 1 - (3 - 0) - x. Calculate the highest common factor of b and 2.
2
Suppose 0 = -7*j + 403 + 59. What is the highest common factor of 12 and j?
6
Suppose -6*x + 80 = -2*x. What is the highest common divisor of x and 160?
20
Let q(p) be the third derivative of p**4/12 + p**3/6 - 4*p**2. Let b be q(3). What is the greatest common divisor of b and 35?
7
Suppose -5*f + 12 = -2*w, 4*w = 3*f - 1 + 5. Suppose f*b = 8*b - 40. What is the highest common factor of b and 80?
10
Let s(d) = -1 - d**2 - 5*d + 5*d - 6*d. Let y be s(-5). Suppose -2*p + 8 = -2*m, p - m - 20 = -4*p. What is the highest common factor of y and p?
4
Let t be (-489)/(-21) + 4/(-14). What is the greatest common divisor of t and 207?
23
Let q = 58 - 40. What is the highest common divisor of q and 234?
18
Let t(h) = h**3 - 3*h**2 + 12*h - 26. Let y be t(5). What is the highest common divisor of y and 21?
21
Let x be 26 + -1 - (2 - 1). Let k = x + -14. Let u be 30/(-12)*(-56)/k. What is the greatest common factor of 126 and u?
14
Suppose -6 = -2*f + 2. Suppose -f*m - 16 = -s - s, -s + 10 = -m. Calculate the greatest common factor of 96 and s.
12
Suppose -17 = -3*a - 2*o, 4*o + 0*o = -a + 19. Let n = 113 - a. What is the highest common divisor of 44 and n?
22
Suppose 0 = -z + 6*z - 1120. Calculate the greatest common divisor of z and 28.
28
Let n(s) = 3*s - 19. Let d be n(14). Calculate the greatest common divisor of d and 23.
23
Let l = 15 - -7. Calculate the greatest common divisor of l and 11.
11
Let a(l) = -l + 1. Let p be a(-3). Let o(n) = 4 - 3*n - 4*n - 3 + 1. Let z be o(-2). What is the highest common divisor of z and p?
4
Let b(x) = x**3 - 6*x**2 - x - 1. Let p be b(3). Let d = p + 166. Calculate the highest common divisor of 15 and d.
15
Let i(k) = 9*k**2 + 1. Let m be i(-1). Calculate the highest common divisor of 55 and m.
5
Suppose -2*n = 0, 3*r + 2*n - 80 = -r. Calculate the highest common factor of 15 and r.
5
Suppose 2*y + 7 + 68 = v, -2*v + 5*y + 150 = 0. Suppose -4*z = 5*p + 198, -p - v = p + 3*z. Let m = 72 + p. Calculate the greatest common factor of 20 and m.
10
Let b = -6 + 44. What is the highest common factor of b and 76?
38
Suppose -2*f + 24 = -3*s, -4*f + s = -s - 48. What is the greatest common factor of f and 21?
3
Suppose h - 2*h = 2. Let a = h + 10. Calculate the highest common factor of 88 and a.
8
Suppose 9*j = 27*j - 108. Suppose x - 3*i = 13, 2*x - 2*i - 2 = -4*i. Calculate the greatest common divisor of j and x.
2
Let d = -58 + 65. What is the greatest common factor of 2 and d?
1
Suppose 0*o - o + 5 = 0. Let b = o - 2. Let y be 21/(-35) - 336/(-10). Calculate the greatest common factor of b and y.
3
Suppose 4*c = -5*z + 71 - 14, 0 = c + z - 13. Let g be 4/c + (-2)/(-4). Calculate the greatest common factor of g and 1.
1
Let w be (2 - (-2 - 0)) + -1. Let x be -3*1*10/w. Let b = 20 + x. What is the greatest common divisor of 4 and b?
2
Let j = 64 - 52. Let z(l) = -17*l + 4 + 1 - 1. Let y be z(-4). Calculate the greatest common factor of y and j.
12
Let g be 1/3*(0 - (-57 - 6)). Calculate the highest common factor of g and 84.
21
Let k = 53 - 29. Let n(i) = -21*i - 180. Let h be n(-12). Calculate the highest common factor of k and h.
24
Let f(u) = u**2 + 84. Let o be f(0). Suppose 0*c = 4*c - 84. Calculate the highest common factor of o and c.
21
Let j be (-2)/3*51*1. Let q = -24 - j. Suppose -7*n = -2*n - 450. Calculate the highest common divisor of q and n.
10
Let f(d) = 7*d - 31. Let o be f(7). What is the greatest common divisor of 6 and o?
6
Suppose -3*j + 93 = 3*z, 3 + 4 = z - 5*j. Let u be (-8)/12 + 137/3. Suppose u = 5*s - 0*s. What is the greatest common factor of s and z?
9
Let l(p) = p + 13. Let f be l(-7). Suppose 0*k = -4*k + 12. Calculate the greatest common factor of k and f.
3
Let i be (3 - 1) + 2*5. Let h be (-2 - -4) + 0 + -19. Let w be (-4)/5*(2 + h). Calculate the highest common divisor of w and i.
12
Let m be 20/(-35) - (-400)/14. What is the highest common factor of m and 14?
14
Let i be ((-6)/12)/(2/4). Let p(z) = -94*z + 1. Let d be p(i). What is the greatest common factor of 38 and d?
19
Let d(o) = 2*o - 4. Let y be d(2). Let v = y + 48. Suppose t + 0*t - 24 = 0. Calculate the greatest common factor of v and t.
24
Let z = -9 - -30. Calculate the greatest common factor of z and 21.
21
Suppose 50 = 5*s - 860. Calculate the greatest common divisor of 26 and s.
26
Let w = 57 + -41. Suppose 0 = f - 5*f. Suppose -39 = -5*z + u, z + 5*u + 0*u - 13 = f. What is the highest common divisor of w and z?
8
Suppose 5*r - 2*f = 72 + 1, 2*r - f = 30. What is the highest common divisor of r and 65?
13
Let b = 5 + -2. Calculate the greatest common divisor of b and 6.
3
Suppose 0 = -0*f + 3*f - 48. Let l = -406 - -582. What is the greatest common divisor of f and l?
16
Let g(k) = 7*k + 8. Suppose 4 = 3*p - 14. Let h be g(p). Calculate the greatest common divisor of h and 10.
10
Le